isor of 7920 and 9944?
88
Calculate the highest common divisor of 85140 and 243190800.
7740
Calculate the greatest common divisor of 1533 and 4135740.
21
Calculate the greatest common divisor of 12 and 385588068.
12
What is the highest common divisor of 30988 and 199?
1
What is the highest common divisor of 195310 and 40?
10
What is the greatest common divisor of 1847450 and 6875?
275
What is the greatest common factor of 3414454 and 201?
67
Calculate the greatest common factor of 180 and 255312.
36
Calculate the greatest common divisor of 229411 and 16933.
7
Calculate the greatest common factor of 182810077 and 38.
19
Calculate the highest common factor of 10472 and 11112968.
136
What is the greatest common divisor of 238117614 and 358?
358
Calculate the greatest common divisor of 15558914 and 28.
14
Calculate the highest common divisor of 45876935 and 9165.
3055
Calculate the greatest common divisor of 33638 and 62036534.
278
What is the highest common factor of 26288643 and 3405?
681
Calculate the highest common divisor of 1890 and 491859.
27
What is the highest common factor of 5 and 68106325?
5
What is the highest common factor of 1312 and 9876?
4
Calculate the greatest common factor of 7608557 and 44.
11
What is the highest common divisor of 489955402 and 136?
34
Calculate the greatest common divisor of 34584 and 1284888.
264
Calculate the highest common divisor of 444 and 411904239.
111
What is the highest common divisor of 9871982 and 2698?
2698
What is the greatest common divisor of 30552 and 157942383?
3819
Calculate the highest common factor of 68 and 5687452.
68
What is the greatest common divisor of 1235 and 320767291?
247
Calculate the highest common divisor of 32 and 971084.
4
Calculate the highest common factor of 355259 and 10176.
53
Calculate the greatest common divisor of 7161679 and 9808.
613
Calculate the greatest common divisor of 270 and 3558690.
90
What is the greatest common divisor of 131441444 and 508?
508
What is the greatest common factor of 4443 and 2033618859?
4443
Calculate the greatest common factor of 4336 and 19371893.
271
Calculate the highest common divisor of 29756218 and 217.
31
Calculate the highest common factor of 220432700 and 900.
100
What is the highest common factor of 19 and 193448253?
19
Calculate the greatest common divisor of 8331360 and 5280.
480
Calculate the greatest common divisor of 8562415 and 2650.
265
What is the greatest common divisor of 454 and 15187889?
227
Calculate the greatest common divisor of 54 and 517190670.
54
Calculate the greatest common factor of 906447 and 17469.
1941
What is the greatest common divisor of 289929289 and 1027?
1027
What is the greatest common divisor of 47306 and 679?
7
Calculate the greatest common factor of 3727144 and 56.
8
Calculate the highest common factor of 30909456 and 64296.
3384
Calculate the highest common factor of 63686134 and 354.
118
Calculate the highest common factor of 509 and 1215758716.
509
What is the greatest common factor of 733797316 and 34?
34
Calculate the highest common factor of 946645 and 349095.
3145
Calculate the highest common factor of 41087002 and 515944.
9922
What is the greatest common factor of 3081040 and 8560?
80
What is the highest common divisor of 1108 and 7943252?
1108
What is the highest common divisor of 3207582 and 630?
126
Calculate the highest common factor of 5079 and 9087.
3
Calculate the greatest common factor of 406922416 and 48.
16
Calculate the highest common factor of 29340 and 110188.
652
What is the greatest common factor of 56434 and 480298?
406
Calculate the greatest common factor of 2058 and 608286.
294
Calculate the highest common divisor of 19818 and 11502147.
1101
What is the highest common divisor of 861612 and 1044?
12
Calculate the greatest common factor of 468138 and 1738.
22
Calculate the greatest common divisor of 62 and 2072443.
31
Calculate the greatest common divisor of 100 and 15345700.
100
What is the greatest common factor of 624 and 82356?
12
What is the greatest common divisor of 1432193 and 553?
7
Calculate the highest common factor of 1385 and 1435358600.
1385
Calculate the highest common factor of 99778246 and 2238.
746
What is the highest common divisor of 124526 and 28112818?
4294
Calculate the greatest common divisor of 8 and 5647736.
8
What is the greatest common divisor of 7315269 and 45903?
4173
Calculate the highest common factor of 7871 and 12359.
17
What is the highest common factor of 32747 and 23933?
13
Calculate the highest common divisor of 2576 and 11274424.
56
Calculate the greatest common factor of 364 and 7821606.
26
What is the highest common factor of 4012 and 8653?
17
Calculate the greatest common factor of 105 and 14995575.
105
Calculate the highest common factor of 1321 and 6601037.
1321
Calculate the highest common factor of 2772 and 49034748.
84
Calculate the highest common factor of 4 and 1051313.
1
What is the greatest common divisor of 3408 and 2789022?
426
Calculate the highest common divisor of 2808 and 532870.
26
Calculate the highest common divisor of 264756247 and 721.
721
Calculate the highest common factor of 10981824 and 9072.
336
Calculate the greatest common divisor of 57 and 594027.
3
What is the highest common factor of 1289 and 76307511?
1289
What is the greatest common divisor of 7865494 and 161?
161
What is the greatest common factor of 3806 and 214899216?
346
Calculate the greatest common factor of 117 and 2591576.
13
Calculate the greatest common divisor of 46348844 and 1624.
116
What is the highest common factor of 621 and 18921303?
27
Calculate the highest common factor of 19414962 and 56.
14
What is the highest common factor of 25 and 3680355?
5
Calculate the greatest common factor of 2412 and 5139.
9
Calculate the highest common factor of 14200 and 60.
20
What is the greatest common divisor of 226172650 and 54626?
4202
Calculate the greatest common factor of 1803456 and 1125.
9
What is the greatest common factor of 8334275 and 1025?
1025
Calculate the greatest common divisor of 11245831 and 282.
47
What is the greatest common divisor of 313239541 and 2614?
1307
What is the highest common divisor of 6438 and 56226?
6
What is the greatest common factor of 55104 and 280686?
1722
Calculate the highest common divisor of 103026 and 642.
6
What is the greatest common factor of 69604 and 284?
4
What is the greatest common factor of 1611912 and 24252?
564
Calculate the greatest common divisor of 1938 and 2740978.
646
Calculate the highest common factor of 84 and 4166652.
84
What is the greatest common divisor of 8410136 and 168?
56
What is the highest common factor of 3676566 and 407028?
1902
Calculate the highest common divisor of 5549279 and 2666.
1333
Calculate the highest common factor of 332171 and 10290.
49
Calculate the highest common factor of 16021155 and 17818.
59
What is the greatest common factor of 1628 and 265540?
44
Calculate the highest common factor of 881677520 and 190.
190
What is the greatest common divisor of 19515 and 24870?
15
What is the highest common divisor of 333982 and 3838?
38
What is the highest common divisor of 2339355 and 285?
15
What is the greatest common divisor of 13650 and 1508550?
150
What is the highest common factor of 5622585 and 645?
15
What is the highest common divisor of 450 and 1766214?
18
Calculate the highest common divisor of 437 and 3271684841.
437
What is the greatest common factor of 1710 and 791145?
45
Calculate the greatest common factor of 7374337 and 132012.
3667
Calculate the highest common factor of 76307088 and 468.
156
Calculate the highest common factor of 121665 and 525.
15
Calculate the greatest common divisor of 61071939 and 1513.
17
Calculate the greatest common factor of 78316577 and 2.
1
Calculate the greatest common divisor of 729 and 54562005.
729
Calculate the greatest common divisor of 73421315 and 55.
55
What is the highest common divisor of 364 and 4212026?
182
Calculate the greatest common divisor of 12469918 and 40.
2
Calculate the highest common factor of 4778935 and 945.
35
Calculate the highest common divisor of 84968415 and 1260.
315
Calculate the highest common factor of 105884853 and 16891.
2413
Calculate the greatest common divisor of 5852012 and 204